19?
4
Calculate the remainder when 104 is divided by 66.
38
What is the remainder when 165 is divided by 17?
12
What is the remainder when 33966 is divided by 176?
174
Calculate the remainder when 189 is divided by 2.
1
What is the remainder when 1174 is divided by 47?
46
Calculate the remainder when 13 is divided by 4.
1
Calculate the remainder when 513 is divided by 346.
167
Calculate the remainder when 30117 is divided by 24.
21
What is the remainder when 3604 is divided by 399?
13
Calculate the remainder when 270 is divided by 28.
18
What is the remainder when 249 is divided by 138?
111
What is the remainder when 48 is divided by 17?
14
Calculate the remainder when 172 is divided by 25.
22
What is the remainder when 580 is divided by 53?
50
What is the remainder when 642 is divided by 175?
117
What is the remainder when 3381 is divided by 199?
197
Calculate the remainder when 964 is divided by 409.
146
What is the remainder when 182 is divided by 27?
20
Calculate the remainder when 345 is divided by 54.
21
Calculate the remainder when 3014 is divided by 104.
102
Calculate the remainder when 81 is divided by 14.
11
What is the remainder when 106 is divided by 11?
7
Calculate the remainder when 2276 is divided by 69.
68
Calculate the remainder when 347 is divided by 19.
5
Calculate the remainder when 6398 is divided by 305.
298
Calculate the remainder when 112 is divided by 35.
7
Calculate the remainder when 2395 is divided by 218.
215
What is the remainder when 29 is divided by 20?
9
What is the remainder when 738 is divided by 95?
73
Calculate the remainder when 22 is divided by 3.
1
What is the remainder when 150 is divided by 8?
6
Calculate the remainder when 37 is divided by 14.
9
Calculate the remainder when 198 is divided by 47.
10
Calculate the remainder when 289 is divided by 29.
28
What is the remainder when 10138 is divided by 49?
44
What is the remainder when 1293 is divided by 127?
23
Calculate the remainder when 629 is divided by 63.
62
Calculate the remainder when 1854 is divided by 617.
3
What is the remainder when 14377 is divided by 153?
148
What is the remainder when 172 is divided by 88?
84
What is the remainder when 10925 is divided by 16?
13
What is the remainder when 222 is divided by 57?
51
Calculate the remainder when 747 is divided by 169.
71
Calculate the remainder when 6522 is divided by 34.
28
What is the remainder when 64166 is divided by 52?
50
What is the remainder when 1516 is divided by 22?
20
What is the remainder when 134 is divided by 48?
38
What is the remainder when 70 is divided by 6?
4
Calculate the remainder when 1620 is divided by 56.
52
What is the remainder when 261 is divided by 110?
41
What is the remainder when 51 is divided by 26?
25
Calculate the remainder when 300 is divided by 76.
72
Calculate the remainder when 210 is divided by 4.
2
Calculate the remainder when 2768 is divided by 63.
59
Calculate the remainder when 652 is divided by 105.
22
Calculate the remainder when 269 is divided by 20.
9
Calculate the remainder when 117 is divided by 40.
37
Calculate the remainder when 16 is divided by 13.
3
Calculate the remainder when 214 is divided by 57.
43
Calculate the remainder when 1762 is divided by 175.
12
What is the remainder when 282 is divided by 135?
12
Calculate the remainder when 152 is divided by 20.
12
Calculate the remainder when 3593 is divided by 1796.
1
What is the remainder when 83 is divided by 11?
6
Calculate the remainder when 36 is divided by 20.
16
What is the remainder when 209 is divided by 6?
5
Calculate the remainder when 123 is divided by 62.
61
What is the remainder when 453 is divided by 52?
37
What is the remainder when 580 is divided by 37?
25
Calculate the remainder when 107 is divided by 36.
35
What is the remainder when 4898 is divided by 4895?
3
What is the remainder when 60 is divided by 13?
8
What is the remainder when 64 is divided by 11?
9
Calculate the remainder when 67 is divided by 24.
19
Calculate the remainder when 81 is divided by 34.
13
What is the remainder when 584 is divided by 147?
143
Calculate the remainder when 43 is divided by 12.
7
Calculate the remainder when 1632 is divided by 5.
2
What is the remainder when 145 is divided by 49?
47
Calculate the remainder when 3828 is divided by 28.
20
Calculate the remainder when 185 is divided by 67.
51
What is the remainder when 1114 is divided by 278?
2
Calculate the remainder when 5081 is divided by 12.
5
What is the remainder when 48 is divided by 21?
6
What is the remainder when 364 is divided by 87?
16
Calculate the remainder when 37 is divided by 20.
17
Calculate the remainder when 2559 is divided by 128.
127
What is the remainder when 337 is divided by 19?
14
What is the remainder when 439 is divided by 130?
49
Calculate the remainder when 1677 is divided by 40.
37
Calculate the remainder when 59 is divided by 16.
11
What is the remainder when 473 is divided by 150?
23
Calculate the remainder when 363 is divided by 28.
27
What is the remainder when 5485 is divided by 59?
57
Calculate the remainder when 240 is divided by 55.
20
Calculate the remainder when 119 is divided by 70.
49
Calculate the remainder when 1826 is divided by 304.
2
What is the remainder when 214 is divided by 68?
10
What is the remainder when 466 is divided by 47?
43
What is the remainder when 66 is divided by 9?
3
What is the remainder when 235 is divided by 29?
3
Calculate the remainder when 301 is divided by 38.
35
What is the remainder when 875 is divided by 122?
21
What is the remainder when 51 is divided by 40?
11
What is the remainder when 753 is divided by 18?
15
What is the remainder when 357 is divided by 61?
52
What is the remainder when 457 is divided by 21?
16
What is the remainder when 470 is divided by 154?
8
Calculate the remainder when 807 is divided by 114.
9
Calculate the remainder when 403 is divided by 114.
61
Calculate the remainder when 432 is divided by 87.
84
Calculate the remainder when 33461 is divided by 94.
91
Calculate the remainder when 428 is divided by 24.
20
Calculate the remainder when 455 is divided by 443.
12
Calculate the remainder when 150 is divided by 35.
10
What is the remainder when 44 is divided by 3?
2
What is the remainder when 3662 is divided by 33?
32
Calculate the remainder when 89 is divided by 3.
2
Calculate the remainder when 311 is divided by 105.
101
Calculate the remainder when 70 is divided by 32.
6
Calculate the remainder when 285 is divided by 8.
5
Calculate the remainder when 3550 is divided by 178.
168
Calculate the remainder when 124 is divided by 16.
12
Calculate the remainder when 632 is divided by 22.
16
What is the remainder when 114 is divided by 19?
0
What is the remainder when 178 is divided by 40?
18
Calculate the remainder when 1105 is divided by 217.
20
What is the remainder when 3498 is divided by 1160?
18
Calculate the remainder when 378 is divided by 70.
28
What is the remainder when 48 is divided by 44?
4
What is the remainder when 446 is divided by 50?
46
Calculate the remainder when 152 is divided by 91.
61
Calculate the remainder when 2765 is divided by 71.
67
What is the remainder when 834 is divided by 279?
276
Calculate the remainder when 1885 is divided by 59.
56
What is the remainder when 502 is divided by 126?
124
What is the remainder when 41 is divided by 23?
18
Calculate the remainder when 3729 is divided by 56.
33
What is the remainder when 17370 is divided by 86?
84
What is the remainder when 196 is divided by 18?
16
What is the remainder when 17 is divided by 7?
3
Calculate the remainder when 310 is divided by 53.
45
What is the remainder when 788 is divided by 61?
56
Calculate the remainder when 674 is divided by 112.
2
Calculate the remainder when 4574 is divided by 26.
24
What is the remainder when 53 is divided by 17?
2
What is the remainder when 18146 is divided by 30?
26
What is the remainder when 6661 is divided by 136?
133
What is the remainder when 419 is divided by 85?
79
Calculate the remainder when 20087 is divided by 35.
32
Calculate the remainder when 5814 is divided by 277.
274
What is the remainder when 173 is divided by 8?
5
Calculate the remainder when 143 is divided by 3.
2
Calculate the remainder when 12097 is d